{"id":28434,"date":"2025-11-12T11:03:18","date_gmt":"2025-11-12T11:03:18","guid":{"rendered":"https:\/\/zoombusinesspoint.so\/?post_type=product&#038;p=28434"},"modified":"2025-11-12T11:03:18","modified_gmt":"2025-11-12T11:03:18","slug":"lecture-stand-amplifier-csv-540","status":"publish","type":"product","link":"https:\/\/zoombusinesspoint.so\/index.php\/product\/lecture-stand-amplifier-csv-540\/","title":{"rendered":"LECTURE STAND AMPLIFIER CSV-540"},"content":{"rendered":"<p><strong>Couleur : Blanche<\/strong><\/p>\n<ul>\n<li>Pupitre professionnel pour discours haute de qualit\u00e9<\/li>\n<li>Syst\u00e8me de sonorisation pour vos \u00e9v\u00e9nements (r\u00e9union d&#8217;affaires, c\u00e9r\u00e9monies, remises de prix, pr\u00e9sentations acad\u00e9miques, s\u00e9minaires,&#8230;)<\/li>\n<li>Design \u00e9l\u00e9gant<\/li>\n<\/ul>\n","protected":false},"excerpt":{"rendered":"<p>Couleur : Blanche Pupitre professionnel pour discours haute de qualit\u00e9 Syst\u00e8me de sonorisation pour vos \u00e9v\u00e9nements (r\u00e9union d&#8217;affaires, c\u00e9r\u00e9monies, remises<\/p>\n","protected":false},"featured_media":28435,"comment_status":"open","ping_status":"closed","template":"","meta":[],"product_brand":[],"product_cat":[102],"product_tag":[],"class_list":{"0":"post-28434","1":"product","2":"type-product","3":"status-publish","4":"has-post-thumbnail","6":"product_cat-mixers","8":"first","9":"instock","10":"sale","11":"shipping-taxable","12":"purchasable","13":"product-type-simple"},"_links":{"self":[{"href":"https:\/\/zoombusinesspoint.so\/index.php\/wp-json\/wp\/v2\/product\/28434","targetHints":{"allow":["GET"]}}],"collection":[{"href":"https:\/\/zoombusinesspoint.so\/index.php\/wp-json\/wp\/v2\/product"}],"about":[{"href":"https:\/\/zoombusinesspoint.so\/index.php\/wp-json\/wp\/v2\/types\/product"}],"replies":[{"embeddable":true,"href":"https:\/\/zoombusinesspoint.so\/index.php\/wp-json\/wp\/v2\/comments?post=28434"}],"version-history":[{"count":1,"href":"https:\/\/zoombusinesspoint.so\/index.php\/wp-json\/wp\/v2\/product\/28434\/revisions"}],"predecessor-version":[{"id":28440,"href":"https:\/\/zoombusinesspoint.so\/index.php\/wp-json\/wp\/v2\/product\/28434\/revisions\/28440"}],"wp:featuredmedia":[{"embeddable":true,"href":"https:\/\/zoombusinesspoint.so\/index.php\/wp-json\/wp\/v2\/media\/28435"}],"wp:attachment":[{"href":"https:\/\/zoombusinesspoint.so\/index.php\/wp-json\/wp\/v2\/media?parent=28434"}],"wp:term":[{"taxonomy":"product_brand","embeddable":true,"href":"https:\/\/zoombusinesspoint.so\/index.php\/wp-json\/wp\/v2\/product_brand?post=28434"},{"taxonomy":"product_cat","embeddable":true,"href":"https:\/\/zoombusinesspoint.so\/index.php\/wp-json\/wp\/v2\/product_cat?post=28434"},{"taxonomy":"product_tag","embeddable":true,"href":"https:\/\/zoombusinesspoint.so\/index.php\/wp-json\/wp\/v2\/product_tag?post=28434"}],"curies":[{"name":"wp","href":"https:\/\/api.w.org\/{rel}","templated":true}]}}